mainder when 6966 is divided by 67?
65
Calculate the remainder when 265 is divided by 127.
11
What is the remainder when 741 is divided by 68?
61
Calculate the remainder when 302 is divided by 38.
36
Calculate the remainder when 5182 is divided by 81.
79
Calculate the remainder when 479 is divided by 10.
9
What is the remainder when 266 is divided by 86?
8
Calculate the remainder when 173 is divided by 52.
17
What is the remainder when 316 is divided by 205?
111
What is the remainder when 209 is divided by 31?
23
Calculate the remainder when 217 is divided by 114.
103
What is the remainder when 238 is divided by 11?
7
What is the remainder when 156 is divided by 7?
2
What is the remainder when 302 is divided by 36?
14
Calculate the remainder when 340 is divided by 32.
20
Calculate the remainder when 367 is divided by 23.
22
Calculate the remainder when 56 is divided by 32.
24
Calculate the remainder when 27 is divided by 11.
5
What is the remainder when 123 is divided by 29?
7
Calculate the remainder when 53 is divided by 8.
5
Calculate the remainder when 958 is divided by 64.
62
What is the remainder when 313 is divided by 64?
57
Calculate the remainder when 420 is divided by 71.
65
Calculate the remainder when 427 is divided by 58.
21
What is the remainder when 747 is divided by 369?
9
Calculate the remainder when 12209 is divided by 86.
83
What is the remainder when 914 is divided by 15?
14
Calculate the remainder when 209 is divided by 129.
80
Calculate the remainder when 795 is divided by 45.
30
What is the remainder when 1117 is divided by 418?
281
Calculate the remainder when 590 is divided by 27.
23
Calculate the remainder when 810 is divided by 4.
2
Calculate the remainder when 6899 is divided by 60.
59
What is the remainder when 514 is divided by 254?
6
What is the remainder when 609 is divided by 139?
53
What is the remainder when 460 is divided by 22?
20
Calculate the remainder when 1977 is divided by 292.
225
What is the remainder when 87 is divided by 47?
40
Calculate the remainder when 2805 is divided by 176.
165
Calculate the remainder when 96 is divided by 28.
12
What is the remainder when 273 is divided by 92?
89
What is the remainder when 2866 is divided by 136?
10
Calculate the remainder when 94 is divided by 90.
4
What is the remainder when 143 is divided by 18?
17
Calculate the remainder when 1047 is divided by 21.
18
Calculate the remainder when 1252 is divided by 155.
12
Calculate the remainder when 8076 is divided by 1613.
11
Calculate the remainder when 397 is divided by 100.
97
Calculate the remainder when 3215 is divided by 48.
47
What is the remainder when 697 is divided by 79?
65
Calculate the remainder when 28 is divided by 4.
0
Calculate the remainder when 516 is divided by 45.
21
What is the remainder when 148 is divided by 74?
0
Calculate the remainder when 262 is divided by 106.
50
Calculate the remainder when 19314 is divided by 15.
9
What is the remainder when 2782 is divided by 32?
30
Calculate the remainder when 54074 is divided by 103.
102
Calculate the remainder when 39372 is divided by 21.
18
What is the remainder when 277 is divided by 16?
5
What is the remainder when 170 is divided by 15?
5
What is the remainder when 2716 is divided by 19?
18
What is the remainder when 56 is divided by 40?
16
Calculate the remainder when 324 is divided by 32.
4
Calculate the remainder when 85 is divided by 42.
1
What is the remainder when 1188 is divided by 8?
4
What is the remainder when 222 is divided by 14?
12
What is the remainder when 1878 is divided by 111?
102
What is the remainder when 1026 is divided by 463?
100
Calculate the remainder when 116 is divided by 41.
34
Calculate the remainder when 2669 is divided by 149.
136
Calculate the remainder when 185 is divided by 66.
53
What is the remainder when 128 is divided by 2?
0
Calculate the remainder when 2182 is divided by 104.
102
Calculate the remainder when 188 is divided by 71.
46
Calculate the remainder when 384 is divided by 35.
34
What is the remainder when 143 is divided by 7?
3
Calculate the remainder when 101 is divided by 54.
47
Calculate the remainder when 1603 is divided by 204.
175
What is the remainder when 547 is divided by 69?
64
Calculate the remainder when 2238 is divided by 56.
54
What is the remainder when 428 is divided by 39?
38
Calculate the remainder when 472 is divided by 19.
16
What is the remainder when 64 is divided by 60?
4
What is the remainder when 1064 is divided by 107?
101
Calculate the remainder when 56 is divided by 49.
7
What is the remainder when 2041 is divided by 14?
11
Calculate the remainder when 747 is divided by 68.
67
What is the remainder when 935 is divided by 12?
11
What is the remainder when 341 is divided by 100?
41
Calculate the remainder when 171 is divided by 62.
47
What is the remainder when 239 is divided by 22?
19
What is the remainder when 1459 is divided by 53?
28
What is the remainder when 171 is divided by 20?
11
Calculate the remainder when 4085 is divided by 67.
65
Calculate the remainder when 4270 is divided by 36.
22
What is the remainder when 19690 is divided by 203?
202
What is the remainder when 204 is divided by 23?
20
Calculate the remainder when 310 is divided by 29.
20
Calculate the remainder when 199 is divided by 25.
24
Calculate the remainder when 46 is divided by 24.
22
What is the remainder when 2967 is divided by 55?
52
What is the remainder when 5877 is divided by 2?
1
What is the remainder when 339 is divided by 224?
115
Calculate the remainder when 59 is divided by 31.
28
What is the remainder when 573 is divided by 50?
23
What is the remainder when 365 is divided by 16?
13
Calculate the remainder when 625 is divided by 57.
55
What is the remainder when 3978 is divided by 24?
18
Calculate the remainder when 97 is divided by 5.
2
What is the remainder when 1241 is divided by 1240?
1
What is the remainder when 1060 is divided by 228?
148
Calculate the remainder when 262 is divided by 149.
113
What is the remainder when 2712 is divided by 19?
14
What is the remainder when 270 is divided by 72?
54
Calculate the remainder when 197 is divided by 93.
11
What is the remainder when 117 is divided by 60?
57
Calculate the remainder when 458 is divided by 20.
18
What is the remainder when 545 is divided by 545?
0
What is the remainder when 13375 is divided by 152?
151
Calculate the remainder when 400 is divided by 67.
65
What is the remainder when 340 is divided by 49?
46
Calculate the remainder when 524 is divided by 76.
68
What is the remainder when 219 is divided by 104?
11
What is the remainder when 129 is divided by 19?
15
What is the remainder when 1337 is divided by 13?
11
Calculate the remainder when 564 is divided by 81.
78
What is the remainder when 6911 is divided by 28?
23
Calculate the remainder when 339 is divided by 44.
31
What is the remainder when 82 is divided by 21?
19
What is the remainder when 558 is divided by 321?
237
Calculate the remainder when 337 is divided by 17.
14
Calculate the remainder when 383 is divided by 4.
3
What is the remainder when 292 is divided by 59?
56
Calculate the remainder when 158 is divided by 23.
20
Calculate the remainder when 355 is divided by 54.
31
Calculate the remainder when 62 is divided by 11.
7
What is the remainder when 42 is divided by 23?
19
What is the remainder when 603 is divided by 87?
81
What is the remainder when 912 is divided by 15?
12
Calculate the remainder when 167 is divided by 54.
5
What is the remainder when 5 is divided by 3?
2
Calculate the remainder when 1130 is divided by 203.
115
Calculate the remainder when 107 is divided by 9.
8
What is the remainder when 367 is divided by 71?
12
What is the remainder when 260 is divided by 28?
8
Calculate the remainder when 90 is divided by 12.
6
Calculate the remainder when 46 is divided by 16.
14
What is the remainder when 1021 is divided by 213?
169
Calculate the remainder when 19389 is divided by 202.
199
Calculate the remainder when 6108 is divided by 65.
63
What is the remainder when 565 is divided by 188?
1
What is the remainder when 431 is divided by 19?
13
What is the remainder when 264 is divided by 38?
36
Calculate the remainder when 441 is divided by 69.
27
Wha